t is the tens digit of -2 + o/(-10) - (-430)/25?
1
Let g be -2*25/10 + 8. What is the tens digit of g/(-6)*(-6 + 6 + -778)?
8
Let c(m) = -2766*m - 1673. What is the hundreds digit of c(-8)?
4
Let t = 319 + -507. Let j be -5 - -9 - -1 - t. Let m = -55 + j. What is the tens digit of m?
3
Let o(t) = -t - 12 - 34 - 2*t. Let p be o(-17). Suppose 3*n + 3*b - 254 = -2*b, 214 = 3*n - p*b. What is the tens digit of n?
7
Let o(y) = 50*y + 13. Let s be o(7). Let w = s + -76. What is the units digit of w?
7
Let z be 108/(-20) - -5 - (-2)/5. Suppose z = -w - 30*w + 11811. What is the units digit of w?
1
Let i = 126 - -95. Suppose -859 = -2*b + y - i, -4*y = 3*b - 957. What is the tens digit of b?
1
Let i be (-181)/(-2)*2 + 1. Let m = i - 262. What is the tens digit of ((m/(-6))/2)/(30/135)?
3
Suppose -5*b - 194 + 3669 = 5*y, -4*b - 5*y + 2785 = 0. Let k = b + -238. What is the units digit of k?
2
Let i be (-7)/(84/(-440)) + (-1)/(-3). What is the tens digit of (-106 - 1)/(i/(-74))?
1
Let w(m) = -m**3 + 6*m**2 + 9*m - 12. Let g be w(6). Suppose 254 + g = 2*x. What is the tens digit of (4 - 3)/(1/x)?
4
Let c = 144 - 72. Let b = c - 71. Let s(v) = 108*v - 8. What is the tens digit of s(b)?
0
Let a be (-230)/(-46) + -641*2. Let w = -878 - a. What is the hundreds digit of w?
3
Suppose -3*o - 5*n + 1581 = 0, 26*o + 2*n - 1590 = 23*o. Let j = o + -458. What is the tens digit of j?
7
Let k(s) = s**3 - 21*s**2 - 18*s - 91. What is the hundreds digit of k(30)?
4
Let j(l) = 98*l + 2721. What is the tens digit of j(-26)?
7
What is the units digit of (-266)/(-418)*11 + 2 + 74900?
9
Suppose 5*k - 37439 = 4*s, -5*s + 2 = -7*s. What is the tens digit of k?
8
Let x(b) = -2*b - 36. Let k(y) = -10*y - 180. Let m(h) = -3*k(h) + 14*x(h). Let v be m(-17). Suppose v*w - 16 = 198. What is the tens digit of w?
0
Let f(w) = w + 31. Let a be f(8). Let p = 276 + a. What is the units digit of p?
5
Let p(b) = b + 10. Let j be p(-6). Suppose 0 = -l - l + j*d + 50, 2*l - 82 = -4*d. Let a = l + -17. What is the tens digit of a?
1
Suppose 2*a = 2*k + 538, -3*a + 4*k = -1275 + 465. Suppose -2*c + 152 = -32. Suppose -5*p = -4*m + c + 162, 4*m = -p + a. What is the units digit of m?
6
Suppose 2*u = -5*s + 12 + 3, u = s + 4. Let q(z) = 421*z**3 + 2*z**2 - 1. What is the hundreds digit of q(s)?
4
Let f = -587 - -321. Let y = -181 - f. Let a = y + 1. What is the units digit of a?
6
Suppose 5919*b - 5895*b - 30048 = 0. What is the hundreds digit of b?
2
Suppose 7*b - 18*b + 31966 = 0. Suppose -3869 = -4*d - 3*u, 2*u = -4*d + 7*d - b. What is the tens digit of d?
6
Let a be -1*(-5 - (-2)/1). Suppose -3*s = -j - 48, -5*j = -a*j + 3*s + 78. Let r = j - -139. What is the tens digit of r?
9
Suppose 5*q + 142 = y, 3*y + 623 = 8*y + 4*q. Suppose -5*l - y + 22 = 0. What is the units digit of (-189)/7*(l/9 + 2)?
9
Let g(i) = 6*i**2 - 35*i - 277. What is the hundreds digit of g(38)?
0
What is the thousands digit of 4140669/75 - (5 - 889/175)?
5
Let n = 41 + -44. Let p be (-3)/(-12) - ((-3447)/(-12) - n). Let t = -157 - p. What is the hundreds digit of t?
1
Suppose -3*t + x + 28076 = 0, -13939 = -3*t - x + 14145. What is the units digit of t?
0
Suppose 26885 = 11*g + 4*n, -3*g = n - 4670 - 2662. What is the thousands digit of g?
2
Let n(v) = -2*v**2 - 2. Let o be n(0). Let g be 57 - ((-2 - o)/(-4) - 0). What is the tens digit of (-9)/(-18)*-4 + 3*g?
6
Let b be 19 + 1 + -9 - (-1)/(-1). Suppose 6*l - 6576 = -b*l. What is the units digit of l?
1
Suppose -y = 2*w - 42741, 0 = 13*w - 0*w - 4*y - 277890. What is the ten thousands digit of w?
2
Let h(j) be the second derivative of -j**3/6 + j**2/2 + 38*j. Let c be h(-5). Let y(p) = 17*p + 57. What is the units digit of y(c)?
9
Suppose 51 = p + 60. Let w(k) = -24*k + 24. What is the units digit of w(p)?
0
What is the thousands digit of 2430/6*292/10 + 7/1?
1
Let o = -458 - -120. Let r = o - -685. What is the hundreds digit of r?
3
Let o(j) = j**3 + 15*j**2 - 2*j - 30. Let i be o(-15). Let c(d) = d**2 - d - 14. Let m be c(i). Let n = m - -84. What is the units digit of n?
0
Suppose -47 = -3*q + 7. Let g be (16/(-12))/(3/(q/(-4))). What is the units digit of 136 - (10/20)/(1/g)?
5
Let u = -22 - -60. Let b = 75 + 25. Let s = b + u. What is the hundreds digit of s?
1
What is the tens digit of 142806/10 - (22/275)/((-4)/20)?
8
Let o(l) = l**2 + 8*l + 13. Let t be o(-7). Let s(y) = 6*y**3 - 16*y**2 + 5*y + 7. What is the hundreds digit of s(t)?
7
Let o(t) = -5*t - 11. Let w(l) = l - 2. Let d(b) = -2*o(b) + 6*w(b). What is the tens digit of d(7)?
2
Let i = 9680 + -4025. What is the tens digit of i?
5
Suppose d - 2*z - 4156 - 1971 = 0, -18370 = -3*d - 5*z. What is the tens digit of d?
2
Let z be 0*(-2)/(-2) - 17. Suppose 0 = 2*o - 209 - 137. Let r = o - z. What is the units digit of r?
0
Let c = -376 - -380. Suppose c*v - 4*q = 1500, 3*v - 611 - 509 = -2*q. What is the units digit of v?
4
Let n(b) = 2356*b - 453. What is the tens digit of n(7)?
3
Suppose -2*r + 3 = 7. Let t = 94 - 86. What is the units digit of -2*(r/5 - t/5)?
4
Let a be 6/33 - (-7866)/(-66). Let y = a + 178. Suppose 5*n - 3*n + 3*i = y, 0 = 4*i - 4. What is the tens digit of n?
2
Let i(c) = 22*c**2 - 6*c + 9. Suppose 23 = -k + 6*k - 4*a, -22 = -4*k + 5*a. Let o be (5 - k)/(-2)*-2. What is the tens digit of i(o)?
8
Let p(l) be the second derivative of -21*l**3/2 - 7*l**2/2 - l - 103. What is the tens digit of p(-12)?
4
Suppose -5 - 3 = -2*h. Suppose h*z - 3*z + j = 233, j = 2*z - 481. What is the hundreds digit of z?
2
Let o(t) = -t**2 - 7*t - 16. Let b be o(-8). What is the units digit of (4722/b*-4)/1?
7
Let j(b) = -b**2 - 136*b - 415. What is the units digit of j(-51)?
0
Suppose -46355 = -3*b + 4*m, 5*b = 149*m - 146*m + 77251. What is the ten thousands digit of b?
1
What is the tens digit of 3*(-112)/(-21) + 21202?
1
What is the tens digit of 3648508/100 - (-44)/(-550)?
8
Let z be (2 + 2/(-4))*2. Suppose -14*c + 11 + z = 0. What is the units digit of (-124 - 0)/(c*12/(-18))?
6
Suppose -5*l - 4840 + 1240 = -2*u, -4*l - 16 = 0. Let j = 2786 - u. What is the units digit of j?
6
Let a be 406/(-28) + (-2)/(-4). Let f = 0 - a. Suppose -m + f = -191. What is the units digit of m?
5
Suppose 4*q - 1136 = -4*t + 8*t, -2*t = -q + 569. Let l = 719 - t. What is the hundreds digit of l?
0
Let j be (-1)/(-2)*(-6871 + -3). Let p = -2434 - j. What is the thousands digit of p?
1
Let v be 558/124*(-4)/6. What is the hundreds digit of 946 + 1 - (8 - (v + 7))?
9
Suppose 47 = 14*h - 9. Suppose 5*b + 4*a - 1630 = 1735, a - 2703 = -h*b. What is the hundreds digit of b?
6
Suppose -30*g + 212794 + 2413046 = 0. What is the thousands digit of g?
7
Let t(b) = 9037*b + 595. What is the hundreds digit of t(3)?
7
Suppose -4*x - 5 - 15 = 0. Let g be (7 - -3) + -2 + x. Suppose -s + 0*z + 3 = -2*z, 0 = g*z - 12. What is the units digit of s?
1
Let p(f) be the third derivative of -1/12*f**4 - 1/20*f**5 - 7*f**2 + 0 - 1/3*f**3 - 1/6*f**6 + 0*f. What is the tens digit of p(-2)?
5
Suppose 5*a + 3*k - 2*k - 25572 = 0, -2*k = 2*a - 10232. Suppose -6106 = -34*w + a. What is the units digit of w?
0
Let x(z) = 2*z**3 + 42*z**2 - 12*z - 9. Let d be x(10). Suppose 456*r + d = 469*r. What is the tens digit of r?
6
Suppose -6*q = -62 + 98. Let b(g) = -g**3 - 4*g**2 + 11*g - 2. What is the units digit of b(q)?
4
Suppose -j = o + 3*o - 555, 3*j = 3*o - 420. Let i = 235 - o. Let g = i + -50. What is the tens digit of g?
4
Let m(c) be the second derivative of 40*c**2 + 0*c**3 + 0 - 1/12*c**4 - 8*c. What is the tens digit of m(0)?
8
Let v(i) = i**2 - 15*i + 3. Suppose 0 = 6*u - 2*u - 60. Let w be v(u). Suppose 4*k + 1 = -11, 0 = -w*n - 3*k + 78. What is the tens digit of n?
2
Let v(w) = w**2 - 2*w - 15. Let m be v(8). Suppose 66 = -2*q - 3*d, -q - 2*d + 100 = -5*q. Let g = q + m. What is the units digit of g?
6
Suppose -s = -14*s. Suppose s = -29*f + 26*f + 495. What is the hundreds digit of f?
1
Suppose -4*j = -4*v - 21 + 5, -3*j + 8 = -2*v. Suppose -m - 6*o + 10*o + 100 = 0, j = 5*m - 3*o - 415. What is the tens digit of m?
8
Let o = 24 + -23. Let q be -2 + (1 - o) + -1. What is the tens digit of q/(3/(-88)) - (10 - 7)?
8
Let j(u) = 3*u**2 + 8*u - 5. Let v be j(-3). Let l(z) = -121*z - 60. What is the units digit of l(v)?
2
Let h be 1/2 - ((-330)/